3)/(-98) + (-10)/140. What are the prime factors of a(j)?
2, 5
Suppose q = -t + 2*q - 4, 18 = -4*t + 3*q. Let w(s) = 3*s + 12. Let x(o) = 16*o + 59. Let b(m) = 11*w(m) - 2*x(m). List the prime factors of b(t).
2
Suppose -3*o = 4*y - 857 - 1679, 4*y + 20 = 0. What are the prime factors of o?
2, 3, 71
Let c(d) = -1233*d - 95. List the prime factors of c(-2).
2371
Suppose 2 = r, 5*m + r = 2*m + 41. Suppose k + 11 - m = 0. List the prime factors of k.
2
Let u(c) = c**3 - 16*c**2 + 16*c + 20. Let s = 77 - 62. List the prime factors of u(s).
5, 7
Let d(j) = 147*j**2 + 21*j + 80. What are the prime factors of d(-5)?
2, 5, 73
Let l = 10 + 5. Let v be (-264)/l*1*-5. Let i = v + -51. What are the prime factors of i?
37
List the prime factors of 805 + 9/((-54)/(-48)).
3, 271
Let n = 956 + -15. List the prime factors of n.
941
List the prime factors of (-576)/144*283/(-2).
2, 283
Suppose 0 = -2*m - b + 2, 0 = -2*m - 3*m - 3*b + 7. Let y be -10 - (0 - (1 - m)). What are the prime factors of (y/(-1) - 2) + -3?
3
Let l be (2/8)/((-27)/(-432)). Suppose -3 = -m, -6*m = l*u - m - 563. List the prime factors of u.
137
Suppose -8*p + 8 + 8 = 0. List the prime factors of (-1 - -2)*((p - -158) + 2).
2, 3
Let l(a) = a**3 + 6*a**2 - 78*a - 14. What are the prime factors of l(9)?
499
Suppose -6*l + 2*l = -560. Let f = l + 39. List the prime factors of f.
179
Let y = 101 - 70. Suppose y*i - 27*i - 332 = 0. What are the prime factors of i?
83
Let f(z) = 2*z**2 + 2. Suppose 0 = 2*g - 2 + 6, 28 = 4*o - 4*g. What are the prime factors of f(o)?
2, 13
Suppose -3702 = -18*z + 3264. List the prime factors of z.
3, 43
Let x(f) = -f**2 - 12*f - 11. Let h be x(-11). Suppose h*y = -y + 52. List the prime factors of y.
2, 13
Suppose k - 84 = 55. Suppose -3*v + o = -236, -2*v + 0*o + k = 3*o. List the prime factors of v/4 + (-12)/(-16).
2, 5
Suppose 22*m + 3298 = 14408. What are the prime factors of m?
5, 101
Let o = -111 + 109. What are the prime factors of o*(-5 + 4 - -116)/(-1)?
2, 5, 23
Let p(f) = -f**2 - 7*f - 15. Let m be p(-6). Let j(i) = 2*i**2 + 4*i + 4. List the prime factors of j(m).
2, 5, 13
Suppose 8*s + 155 = -421. Let w = s - -139. List the prime factors of w.
67
Let s(k) = -k**3 - 6*k**2 + k + 14. Let p be s(-6). Suppose p*h = 4*h + 284. List the prime factors of h.
71
Suppose -2*s - 294 = -5*y + 557, -511 = -3*y + s. Suppose -3*d = -6, -4*d + y = 5*t - d. Let o = -4 + t. What are the prime factors of o?
29
Suppose -9*i + 19*i = 8100. What are the prime factors of i?
2, 3, 5
List the prime factors of 2*415/(-30)*-45.
3, 5, 83
What are the prime factors of (-2932)/(-6) - (-4)/3 - 2?
2, 61
Let j(k) = 2*k**3 - 4*k**2 + 2*k + 2. Let i be j(2). Let b(q) = 29*q - 5. Let x(z) = -7*z + 1. Let d(a) = -2*b(a) - 9*x(a). List the prime factors of d(i).
31
Let t(b) = -31*b**3 + 2*b**2 + 4*b + 3. Suppose -4*a + 10*a = -12. List the prime factors of t(a).
251
Let n be 8/56 - (-20)/7. What are the prime factors of (290/(-6))/(-5)*n?
29
Let w(g) be the third derivative of 0*g + 5/12*g**4 + 1/120*g**6 + 0 - g**2 + 11/60*g**5 + 5/6*g**3. List the prime factors of w(-10).
5
What are the prime factors of (19/38)/((-3959)/1320 - -3)?
2, 3, 5, 11
What are the prime factors of ((28/24)/7)/((-1)/(-2514))?
419
Suppose 12*z - 4708 = 3524. List the prime factors of z.
2, 7
Let u(g) = 7*g + 163*g**2 - 171*g**2 + g**3 - 12 + 5*g. What are the prime factors of u(8)?
2, 3, 7
Let z = -259 - -1480. What are the prime factors of z?
3, 11, 37
Suppose 8*i - 9 = -3*c + 3*i, 0 = 3*c + 4*i - 9. Suppose 10 + c = t. Let y = 23 - t. What are the prime factors of y?
2, 5
List the prime factors of (18/(-27) + 2334/(-63))*-7.
2, 3, 11
Suppose -1177*g + 1203*g = 63934. What are the prime factors of g?
2459
Let z = -283 - -316. What are the prime factors of z?
3, 11
Let y(i) = 8*i**2 - 15*i - 15. List the prime factors of y(-5).
2, 5, 13
Let o(z) = -z**2 + 11*z - 5. Let v be o(10). Suppose v*x - 2*d - 34 = 2*d, -15 = -2*x + 3*d. What are the prime factors of x?
2, 3
Let d = -297 + 685. List the prime factors of d.
2, 97
Let o be (0 - -97) + (-8 - -10). Suppose 2*v - o = 35. Suppose k = 4*b - 243, b - 10 = -3*k + v. What are the prime factors of b?
2, 31
Let z be (-4)/6 - (-3)/(-9). Let a(s) = -39*s + 4. What are the prime factors of a(z)?
43
Let x(k) = 2*k - 5. Let i(d) = -d + 5. Let q(h) = -3*i(h) - 2*x(h). Let c be q(4). Let o = 2 - c. List the prime factors of o.
11
Let q(k) = k**2 + k + 1. Let u be q(-3). Suppose -3*x + u = -5*j, 0 = -0*j - 5*j - 3*x + 17. List the prime factors of j/3 - (-32)/12.
3
List the prime factors of (-12)/(-24) - 473/(-2).
3, 79
Suppose 3*b - 144 = 3*z, 4*z + 2*b = -187 - 23. Let h = z - -57. List the prime factors of h.
2, 3
Suppose 18*g + 32118 = 71*g. What are the prime factors of g?
2, 3, 101
Suppose 57 = n + 4*l - 11, -3*n + 2*l = -204. Let c be 45/2*(-4)/3. Let f = c + n. List the prime factors of f.
2, 19
Let i = 3478 + -2441. List the prime factors of i.
17, 61
Suppose -10 = -7*b + 2*b, -5*b + 27 = s. Let a = 25 + s. List the prime factors of a.
2, 3, 7
Let w(x) = -x**2 + 46*x + 25. List the prime factors of w(22).
7, 79
Suppose 14*s + 4136 = 11486. What are the prime factors of s?
3, 5, 7
Suppose 2*f = -x + 7, f + 5*x + 25 = 3*f. Let t(g) = 3*g - 12. Let p be t(f). Suppose -48 = n - p*n. What are the prime factors of n?
2, 3
Let k = 104 + -213. Let w = 195 + k. What are the prime factors of w?
2, 43
Let c(a) be the third derivative of a**6/144 - a**5/120 + 3*a**4/8 - 2*a**2. Let u(t) be the second derivative of c(t). What are the prime factors of u(1)?
2
Suppose -4*a = 2*a - 18. Suppose j + 4*t - 58 = 0, a*t = -j + 5*j - 137. What are the prime factors of j?
2, 19
Let o(n) = 3*n**2 + 20*n - 5. Suppose -r - 5*w = r - 15, 4*w - 12 = -3*r. Suppose z - 4*j = -2*j - 19, r = 4*z - 3*j + 51. What are the prime factors of o(z)?
2, 29
Suppose 24*t + 1391 = 11375. What are the prime factors of t?
2, 13
Suppose 5*t - t + 2*l = 20, -2*t + 10 = -l. Suppose t*h - 685 = -2*v, 0 = 5*h + 2*v - 3*v - 685. What are the prime factors of h?
137
Suppose -5*d + 15 = 0, 4*x - 4*d = x - 12. Suppose -2*r + 4*k + 143 = k, x = 2*k + 10. List the prime factors of r.
2
Let q = 117 + 18. Let b = 70 + q. List the prime factors of b.
5, 41
Let j(g) = -g**3 + 7*g**2 + g - 5. Let c be j(7). What are the prime factors of 218/10 - c/(-10)?
2, 11
Suppose 355 - 67 = 6*r. What are the prime factors of r?
2, 3
Suppose -2 = -2*f + f. Suppose -5*k = f*m - k - 26, -2*m + 16 = 2*k. Suppose -n - m*n + 28 = 0. List the prime factors of n.
7
Let n = 32 - 35. Let g(l) = 9*l + 14. Let d(b) = 5*b + 7. Let f(w) = n*g(w) + 5*d(w). List the prime factors of f(-17).
3
Suppose -4*u = 5*j - 17, -6 = -4*u - j + 7. Let a = -16 + 16. What are the prime factors of 6/(a - u/(-5))?
2, 5
Let n(l) = -l**3 + 9*l**2 - 8*l + 79. What are the prime factors of n(9)?
7
Suppose -97 = -y + 211. Suppose 2*d = j + 124, y = 5*d - 2*j - 0*j. What are the prime factors of d?
2, 3, 5
List the prime factors of -2 - (-18)/((-3)/((-945)/10)).
5, 113
Suppose -43 = -4*m - 4*x + 29, -m = 3*x - 28. Let q = m - 2. Suppose k = -0*k + 5*t + q, -3*k = -4*t - 33. List the prime factors of k.
11
Let v be (-1)/(4 + (-75)/20). List the prime factors of 3 + (1050/v)/(-7)*2.
2, 3, 13
Suppose -3*w + 16 = 5*p, -p + 8*w = 5*w - 14. Suppose -18 + 3 = -p*j. Suppose -26 = -4*g - 5*q, j*q = -3*g + 7*g - 42. List the prime factors of g.
3
Let g = 51 + -48. Suppose 4*w + 352 = 5*u, 4*u + g*w + 57 - 351 = 0. List the prime factors of u.
2, 3
Suppose -3*m - 29 = -41, -4*m = k - 5161. List the prime factors of k.
3, 5, 7
Let w be (-26)/(-6)*(13 - (-8 + 6)). Suppose -w = -4*u + 387. List the prime factors of u.
113
Let h(b) = -b**2 + 6*b - 5. Let m be h(4). Let q be 4/8 + ((-10)/(-4))/(-5). Suppose -w - m*w + 24 = q. What are the prime factors of w?
2, 3
Let f = 4489 + -2548. What are the prime factors of f?
3, 647
Let v(u) = 40*u - 19. Let h be v(8). Suppose -1739 - h = -15*o. List the prime factors of o.
2, 17
Let g(p) = p**2 - 12*p + 20. Let o be g(10). Suppose o*z = 4*z - 180. List the prime factors of z.
3, 5
What are the prime factors of (-441)/(-18)*(-5)/((-105)/12)?
2, 7
Let x be (-240)/14*(-805)/46. Suppose 11*s - 15*s + x = 0. What are the prime factors of s?
3, 5
Let